+ 15 + 0?
13
9 - (-9 + 8 - 9 - -8) - 4
7
What is 7 - 10 - (17 - 8 - 25)?
13
Evaluate 26 + -14 - 19 - -3 - (-3 - -11).
-12
What is -6 - -10 - 3 - (8 - 6)?
-1
Evaluate (21 - 51) + 33 + 16.
19
Evaluate 20 + -7 + (-50 - -54).
17
Evaluate -3 + (-5 + 10 - 5 - -1) + -1.
-3
Evaluate (-1 - (-5 + (-4 - (3 + -4)))) + 3.
10
What is the value of -552 + 548 + (5 + -2 + -3 - -28)?
24
Evaluate (-1 - -7 - 5 - -3) + -7 + -1.
-4
What is 4 + 19 + -13 + -8?
2
What is 11 + 6 - 5 - 3 - 14?
-5
Calculate 12 - (2 + -1) - (7 + -24).
28
0 + -37 + 399 + -353
9
Calculate 5 - (6 + -4 + -6) - (-22 - -16).
15
What is (-5 - -25) + -7 - (0 + 11 + -5)?
7
Evaluate 20 - (0 - 12 - -26).
6
Evaluate -10 + (33 - (33 + -21)).
11
Evaluate 6 + (-66 + 50 - (2 - 0)) - -1.
-11
Calculate 0 + 0 + (289 - 288).
1
What is the value of 15 + -32 + (-17 - -29)?
-5
Evaluate (-27 - -15) + 9 + 11.
8
What is the value of -12 - (45 + -25 + -15)?
-17
What is 1 + (-7 + 16 - -4) - 36?
-22
(-13 - 0) + (152 - 151)
-12
Calculate 10 + 2 + 5 + (-2 - 6).
9
Evaluate -55 + 33 + -15 + 20.
-17
What is 8 + 14 + (19 - 49)?
-8
Evaluate (-89 - -92) + -25 + -3 + 15.
-10
What is 39 - (-4 - (5 + -67))?
-19
What is 0 + (-1 - -2) - (17 + 11 + -30)?
3
What is (-11 + 0 + 2 - (-13 + 9)) + 11?
6
What is the value of -14 + 23 - (-2 - -16)?
-5
What is 1 + 35 + (-28 - 13 - -43)?
38
Evaluate (4 - (68 + -65)) + (-1 - (-13 - 1)).
14
Evaluate (-2 - 6) + -27 + 26.
-9
Calculate -2 + 14 + -7 - (1 + (4 - 14)).
14
What is -1 + -9 + (55 - 28)?
17
Calculate (7 - (-8 + 14)) + -4 + (-1 - -1).
-3
Evaluate 2 + 6 + (-16 + 7 - 3).
-4
What is -7 + 16 + -9 - 11?
-11
Calculate -1 - 24 - -3 - (0 - 15).
-7
What is the value of (-3 - 1) + 2 + (16 - (21 + -13))?
6
What is -25 + 27 + (34 - 46)?
-10
Calculate (-7 - (-7 - -9)) + 1 + 2 + -5.
-11
-8 + (16 - 6) + 0 + 0
2
What is the value of -31 - -31 - (-5 - -1) - -1?
5
-10 + (8 - -12 - 32) + -3
-25
What is (520 - 514) + 0 + (2 - 2) + 5?
11
What is 5 + -30 + (-5 - 12 - (-3 + -6))?
-33
What is -16 + 2 + 9 - 11?
-16
Calculate 1 - -7 - 1 - (-18 + (27 - 4)).
2
What is the value of -31 + (-19 - (-24 - -1))?
-27
What is the value of (-2 - (4 - 4)) + 15?
13
What is the value of -9 - (-8 + (2 - -20 - 3))?
-20
What is the value of (-1 - 14) + -14 + (-13 - -31) - -42?
31
What is -7 + 1 - (21 - 23 - -12)?
-16
Evaluate -32 - -46 - (1 - 3).
16
Calculate (-9 - 0) + 20 + (-21 - -8).
-2
Evaluate -25 + -1 - (11 + -5 + -14).
-18
What is (-2 + -11 - (8 + -6)) + (-9 - -2)?
-22
What is -1 + -3 + -5 + 34 + -15 + -6?
4
Calculate (4 - 2) + 22 + -24 + (-2 - -13).
11
-14 + (25 - (8 - -3)) - 6
-6
Calculate -7 + (23 - 25) + -2 + 2 + 2.
-7
-2 + 4 + (-10 - 0 - -8)
0
What is -20 - (26 - 53 - -27)?
-20
11 - (-12 + 2 - -17) - (-2 - 6)
12
What is (-2 + -15 - -46) + -19?
10
What is -15 - -36 - 20 - ((0 - 2) + 20)?
-17
Calculate 12 + (16 + -7 - 67) + 19.
-27
What is the value of 19 + 10 + 5 - 12?
22
(3 - (4 + 10)) + 15 - (0 - -21)
-17
Calculate -1 + 1 + (-38 - -44) + -7.
-1
Evaluate 8 - (-2 + (-12 + -9 - -12)).
19
What is 41 + (41 - 77 - 23)?
-18
What is 9 + -5 - -7 - (3 - (7 + -5))?
10
What is -7 - (-8 - -10 - 1)?
-8
1 - -4 - (-1 - (13 + -16) - -7)
-4
18 - ((3 - 0) + (-8 - -8))
15
Evaluate -27 - (-53 + -7 - -25).
8
What is -6 - (1 - (1 + 7) - (17 + -20))?
-2
-6 - (-1 - 3) - (-6 + (21 - 19))
2
Evaluate (5 - (-8 - -9)) + -5 - -3.
2
What is (3 - (2 - (0 + 2))) + (2 - 20)?
-15
What is the value of (-11 - -7 - -12) + -1?
7
Evaluate 19 + (-18 - (-10 + 4)) + -9.
-2
Evaluate (2 - (0 - -3)) + -8 + (96 - 94).
-7
What is the value of 240 + -228 - (4 - (-3 - (3 + -5)))?
7
Calculate -1 - 12 - (-9 + (6 - (-27 + 17))).
-20
5 + -6 + -39 + -31 + 16 + 24
-31
-22 + -4 - -22 - (5 - (3 + -1))
-7
Evaluate (15 - 15 - 2) + -4.
-6
Evaluate 1 - (-3 + -15 - -34).
-15
Calculate -6 - (-22 - -24 - (0 + 6) - 8).
6
What is the value of (7 - 7) + -2 + 6 + -2?
2
Calculate 19 + -23 + (13 - 29).
-20
-1 + -12 + (-10 - -9 - (3 - -3))
-20
What is -13 - -9 - ((-2 - -3) + -6)?
1
Calculate 3 + 4 + -2 + (1 - (-2 - 0)).
8
What is the value of -10 + (-2 + 14 - (-35 + 38))?
-1
3 + (-13 - (-15 + 5)) + 5
5
Evaluate 1 - 7 - 2 - (8 + -19).
3
9 - (4 + (-8 - -21))
-8
Evaluate (-1 - (-1 - -10)) + 153 + -151.
-8
2 + 36 - (-21 - -19 - -1)
39
-19 + (-12 - (8 + -10)) + 19
-10
-2 + 8 + 2 + -28 + 7
-13
What is -4 - (-9 + 5 + 0) - 2?
-2
What is -1 - 0 - (2 - (3 + -1))?
-1
Evaluate -5 + 7 + (10 + -8 - 1).
3
What is 3 + -1 + -13 + 7?
-4
What is (1 + -11 - (-11 + 1)) + 0 + -5?
-5
((7 - -2) + 4 - (2 - -1)) + -4
6
Evaluate (0 - -10) + -163 + 153.
0
-8 + (2 - -3) - (9 - 3)
-9
Calculate 2 + -8 + (-3 - (-34 - -16)).
9
Calculate 7 + (-2 + (6 - 14) - -2).
-1
Calculate 5 + -34 + (31 - 3).
-1
Calculate 6 + -6 + -43 + 35 + -2 + 11.
1
What is the value of -23 - (-13 - (-26 + 14))?
-22
What is 0 + -2 + 3 + (-8 - 5)?
-12
What is the value of (41 - (17 + 13)) + 19?
30
Evaluate 15 + 2 + -14 - -19.
22
What is (-10 + 10 - (-23 - -14)) + 12?
21
What is (-5 - (-7 + 0 + 0)) + 3 + 5?
10
Calculate (-17 - -14 - 9) + 20.
8
Calculate -33 - -25 - -41 - 15.
18
What is the value of (-39 - -3 - -29) + (-1 - (6 - 0))?
-14
Calculate 17 + (11 - (11 - (3 + 9))).
29
Evaluate -5 - (3 + 6 + -24).
10
What is the value of (12 - (7 + 6 + -8 + 5)) + 10?
12
Evaluate (-3 - (-4 + 2 - -1)) + (-13 - -22).
7
5 - (-2 - 4 - (-28 - (3 + -9)))
-11
What is the value of 0 - 9 - -12 - 9?
-6
Evaluate 5 - (-3 + (2 - -9 - 4)) - -13.
14
What is the value of -22 - (-17 - (-9 + -16))?
-30
What is (4 - -4) + 9 + (5 - (13 - 4))?
13
Calculate (0 - -1) + -7 - (-11 - (-19 - 1)).
-15
What is the value of 12 - ((1 - 6) + 2 + 9)?
6
What is -8 - (3 + -1 - (23 + 1))?
14
What is 16 + -50 + 25 - (-5 + -2 + 0)?
-2
Evaluate -15 + -6 - (-7 + -1 + 1 + 12).
-26
What is the value of -1 + -6 + -1 + 2 + 79 + -78?
-5
Calculate 8 + 5 + -5 + -7 + -5.
-4
What is the value of (38 - 17 - -13) + 9 + -14?
29
What is the value of (-27 - (5 + -22)) + -2?
-12
Calculate -1 + (-43 - -25) - -4.
-15
Calculate -1 + (51 + -34 - (3 - -1)).
12
What is -20 - (-23 - (-15 + (-4 - -1)))?
-15
Calculate -14 + (-18 - (12 - 41)) + (0 - 5).
-8
What is (1 - (-3 + 5 + -4)) + (-31 - -36)?
8
Evaluate -7 + -2 - (-23 - 2 - -51).
-35
Evaluate 1 + 1 + 4 + -14.
-8
What is 1 - 11 - -11 - -9 - 11?
-1
Calculate -2 + -3 + (-8 - -17) + 4.
8
What is (-4 - 2) + (23 - (7 + -7 + 13))?
4
Evaluate 1 + 8 - (-2421 + 2403).
27
What is 33 - (26 + -26 - -30)?
3
What is the value of 14 + (25 - 43) - (-37 + -4 + 6)?
31
What is the value of (-54 - -45) + (-1 - -32 - 7)?
15
Evaluate 8 + -24 - (48 + -68).
4
What is the value of -3 + -6 - (7 - 10)?
-6
8 + 0 - 5 - (37 - 50)
16
What is 567 + -540 - (60 - 0) - (-11 + 1)?
-23
Calculate -3 - -9 - 2 - (-15 + 29).
-10
-30 - -30 - (12 + 2 - 0)
-14
Evaluate 8 + 14 + -14 - (6 + -4 - 9).
15
Calculate (13 - 23) + 14 + 1 + -23.
-18
Calculate 1 + (-7 - (-7 + -8)).
9
Evaluate 3 - (29 - (-3 - -6 - -6)).
-17
Evaluate 8 + -7 + (-7 - (-7 - (0 + 7))).
8
What is the value of -4 + (-5 - (1 - (27 - 3))) + -7?
7
Evaluate -4 + 3 + 11 - (3 + 0 + -2).
9
What is -33 + 29 - (-3 - 9)?
8
Calculate 2 + 6 + -6 + 1 + 7 + -3.
7
What is the value of (-8 - (3 - 3)) + -4 + (50 - 16)?
22
What is the value of 17 + -1 + -412 + 389?
-7
Calculate -6 + 11 + -5 - ((32 - 12) + -6).
-14
What is 81 + -115 + (1 - -10)?
-23
What is the value of 11 + (0 - ((-1 - 0) + -10))?
22
(321 - 328) + (-1 + (-1 - -2) - 1)
-8
What is the value of 9 + 28 + -40 - (-17 - 0)?
14
What is 9 + -1 + (9 - (15 - 8))?
10
(-3 - -3 - -6) + (0 - 5) - -7
8
3 + -18 - (-2 + -19)
6
What is 4 - ((-9 - -1) + (-21 - -47) + 1)?
-15
(3 - (-2 - -25)) + (11 - 1)
-10
Calculate 9 - (-7 + 6 - -10) - 3.
-3
Evaluate 8 + 2 + 0 + -9 + 0.
1
Calculate (17 - -4) + (-30 - -39) + -10.
20
What is the value of 0 - 11 - (115 + -127)?
1
-4 + (-56 - -49 - (-10 - (0 + 1)))
0
Calculate (-1 + -1 - (-32 - -24)) + 0 - -6.
12
(436 - 431) + 1 + -20
-14
What is the value of (-1 + -6 - 2) + (69 - 73)?
-13
Evaluate (-21 - 2) + 100 + -101.
-24
Calculate 37 + 1 - 28 - (-1 - -1).
10
Calculate 2 - (-20 - 17 - (-14 - 0)).
25
Evaluate 2 - (0 + -2) - (-1 + 19 - 15).
1
Evaluate -1 - (3 + (9 - 17) - 0).
4
What is -10 + (-5 + 43 - (38 - 41))?
31
-14 - (15 + -30 + 19)
-18
(37 - -16 - -8) + -32
29
-2 + 10 + (7 - (21 - 10))
4
What is the value of 51 - 53 - (0 + 1 - (-5 + 1))?
-7
Calculate -8 - (1 - 0 - 9 - -22).